 p(x).
6
Let x(o) = 0*o - o + 2*o + 7 - 2*o. Let m be x(11). Let n(v) = -15*v - 27. Let k(s) = -7*s - 13. Let z(t) = -13*k(t) + 6*n(t). Calculate z(m).
3
Suppose 0 = -4*v + 6*v - 32. Let s(d) = -d + 11*d**2 - 7 + d**3 - v*d**2 + 0*d. Determine s(5).
-12
Let k(w) = 2*w**3 - w**2 - 2. Let u(g) = g**3 - g**2 - g. Let z(s) = -k(s) + 3*u(s). Determine z(3).
2
Let n(h) = -h**2 + h. Let r(w) = -w**3 + 5*w - 6. Let x(i) = -5*n(i) + r(i). Let s be ((-10)/(-4))/(2/4). What is x(s)?
-6
Let d(t) be the second derivative of t**4/6 + t**3/6 + t**2/2 + 7*t. Calculate d(-1).
2
Suppose -3*m - 17 = 5*u, 4*m + 9 + 8 = -u. Let y(s) = 3*s**3 - 8*s**2 + 10. Let t(r) = 8*r**3 - 23*r**2 + r + 29. Let f(a) = -4*t(a) + 11*y(a). Determine f(m).
10
Let z(u) = 4*u - 1. Suppose 0 = -3*g - 11 - 4. Give z(g).
-21
Let z(h) = -h**2 - h. Let j(d) = 3*d**2 - 6*d + 6. Let p(r) = j(r) + 2*z(r). Let w = -6 - -12. Determine p(w).
-6
Let b be 6*(50/90 + 4/(-18)). Let s(o) be the third derivative of -1/24*o**4 + 0*o + 5*o**b + 0 + 1/120*o**6 - 1/2*o**3 + 1/20*o**5. Give s(-3).
0
Let w(o) = 4 - 1 + o - 4*o. Suppose 8 = 3*b - 7. Suppose 3 = b*j - 17. Determine w(j).
-9
Let o(b) = b**3 - b**2 - b + 2. Let g(r) = r**2 - 4*r + 3. Let z be g(5). Let k(j) = j - 8. Let t be k(z). Calculate o(t).
2
Let u(t) be the second derivative of -t**4/6 + t**3/3 + 2*t**2 + 2*t. Suppose 4*h - 8 = 4. What is u(h)?
-8
Suppose 4*h + 2 = 14. Let m(b) = 3*b**h + 2*b**3 + 4*b**3. What is m(1)?
9
Let y(o) = 3*o**2 - 2*o. Let b(s) = 4*s**2 - 3*s. Let u(q) = q - 12. Let w be u(9). Let p(t) = w*y(t) + 2*b(t). Let i = 8 - 6. What is p(i)?
-4
Suppose -3*q - x + 4 = -0, 2*q = x + 11. Let s(v) be the second derivative of 1/6*v**4 + 1/6*v**q - 3*v - v**2 + 0. What is s(2)?
8
Let w = 13 + -7. Let b(q) = q**2 + 7*q + 4. Let m(n) = 4*n**2 + 22*n + 11. Let d(v) = 7*b(v) - 2*m(v). Give d(w).
0
Let u(w) be the second derivative of w**7/2520 + w**6/180 + w**5/60 + 5*w**4/12 - 7*w. Let p(n) be the third derivative of u(n). Determine p(-4).
2
Let d(u) = -7*u + 1. Let c(x) = 15*x - 2. Let m(w) = -6*c(w) - 13*d(w). Suppose 5*n - 11 = 4. Give m(n).
2
Suppose -3*j + 27 = -4*t, 3*j - 2*t + 36 = 7*j. Let v(k) = -k**2 + 10*k - 1. Determine v(j).
8
Let h(k) = 2*k**2 - k - 8. Let c(v) = v**2 - v - 4. Let b(t) = -5*c(t) + 2*h(t). Give b(3).
4
Let p(n) = 2*n - 2. Let y = 49 - 52. Calculate p(y).
-8
Let v(y) = 16 - 16 + 4*y. Let n be (-3)/12*2*2. What is v(n)?
-4
Let v(f) = -f**2 - 6*f + 5. Let a = 58 + -64. Calculate v(a).
5
Let m(i) be the first derivative of -i**3/3 + 2*i**2 + 4*i + 3. Determine m(4).
4
Let g(f) = -2*f**2 - f - 4. Let o(a) = -a**2 - a - 2. Let m(d) = -6*g(d) + 13*o(d). Calculate m(-3).
10
Let k(v) = 2*v. Let s be -16*1*10/(-20). Let r be (-28)/(-6) - (-4)/(-6). Let n = r - s. Give k(n).
-8
Let t(c) = 20*c**3 - 41*c**2 + c - 21. Let n(w) = -7*w**3 + 14*w**2 + 7. Let z(u) = -17*n(u) - 6*t(u). Calculate z(7).
14
Let m(w) be the third derivative of -w**4/12 - w**3 - 8*w**2. Calculate m(-4).
2
Let z(m) = m**2 - 135 + 45 + 41 + 44. Determine z(0).
-5
Let z(a) = 4*a**2 + 4*a + 6. Let u(x) = 5*x**2 + 4*x + 6. Let f(s) = -5*u(s) + 6*z(s). Determine f(6).
-6
Let f(m) = 4*m**3 + 6*m - 8*m**2 + 2*m**2 - 10 - 8*m**3 + 3*m**3. Suppose 15 = -5*i - 20. Calculate f(i).
-3
Let t(g) = -g + 3. Suppose 10 = -5*v, 4*v + 10 + 26 = 4*c. Give t(c).
-4
Let r(s) be the second derivative of -2*s + 0 - 1/4*s**4 + 0*s**3 - 1/2*s**2. Calculate r(-1).
-4
Let s(o) = 20*o. Let j(x) = -3*x**3 + 3*x**2 - 2*x - 1. Let i be j(2). Let d(q) = -7*q. Let t(a) = i*d(a) - 6*s(a). Give t(-1).
1
Let g(c) = 3*c**2 - 2*c + 2. Let t(l) = -l**3 - 3*l**2 + 2*l - 2. Let n(z) = -3*g(z) - 2*t(z). What is n(2)?
6
Let g(h) = -2*h**3 - 2*h**2 + h. Suppose -3*o + 37 - 43 = 0. Calculate g(o).
6
Let d be ((-32)/(-5) + -6)/((-4)/10). Let o(f) = 8*f**3 + f**2 - 1. Calculate o(d).
-8
Suppose 2*f = -3*f - 15. Let z(q) = -q**2 - 6*q - 4. Calculate z(f).
5
Suppose 2*q = 5*q. Let h(l) = -7*l**2 + q*l**3 + 0*l**2 - 6*l + 1 - l**3. What is h(-6)?
1
Let q(j) = -5*j - j + j. Let a be ((-2)/(-6))/(14/(-42)). Determine q(a).
5
Let v(j) = 3*j**3 + 8*j**2 + 2*j + 1. Let f(t) = 7*t**3 + 17*t**2 + 4*t + 1. Let r(b) = -4*f(b) + 9*v(b). Let c = 1 - -3. What is r(c)?
13
Let t(q) = -q**3 - 4*q**2 + 2*q + 6. Let b be t(-4). Let a(o) = o**2 + 2*o + 1. Give a(b).
1
Let a(m) = m - 4*m**3 + 4 - 4 + 1. Determine a(-1).
4
Let u(l) = 7*l**2 + 2*l + 1. Let h(x) = 2*x**2 + 41*x + 19. Let b be h(-20). Calculate u(b).
6
Let a(s) = -2*s + 0*s + 12*s**2 + 7*s - 13*s**2. Determine a(6).
-6
Let j(r) = r - 6. Let f(i) = 1 + 4 - 3*i + 2*i + 1. Let l(t) = -6*f(t) - 7*j(t). What is l(7)?
-1
Let r(o) = o + 2. Let a(d) = 24*d**2 + d. Let q be a(1). Let z be (-5)/q - 11/(-5). What is r(z)?
4
Let x(h) = -h + 1. Let f(l) = 1. Let y(t) = f(t) + 2*x(t). Let v = -4 - -9. Give y(v).
-7
Suppose 0 = -0*j + 3*j. Let y(k) = k**3 - 3*k**2 + 4*k - 3. Let g(f) = -f**3 + 2*f**2 - 3*f + 2. Let z(p) = 3*g(p) + 2*y(p). What is z(j)?
0
Let m(g) = -10*g + 7*g - g**2 + 11*g - 6. Give m(4).
10
Let q(h) = h**3 + h**2 + 11. Let g = 48 - 48. Calculate q(g).
11
Let c(q) = -q + 2. Let u be c(4). Let o(f) = -f. Suppose -4*j + 3 - 18 = 3*i, -2*i + 10 = -4*j. Let t(d) = d**3 - d + 1. Let v(l) = i*o(l) + t(l). Give v(u).
-7
Let m(x) = 2*x**2 + 4*x. Let n(h) = 4*h + 1. Let z be n(-2). Let f = z + 4. Give m(f).
6
Let t(q) be the third derivative of -q**5/60 + q**4/4 + q**3/6 - 4*q**2. Give t(6).
1
Let i(c) = -2 + 1 - 5 + c**2 + 3. What is i(0)?
-3
Let s(d) = -d - 1. Let m(l) = 3*l + 17. Let v be m(-7). What is s(v)?
3
Suppose -t + 112 = 3*t. Let w(u) = -14*u - 17*u - 5 + t*u. Give w(-4).
7
Let z(i) = i - 6. Let f(j) = -6*j + 31. Let w(a) = 2*f(a) + 11*z(a). What is w(-4)?
0
Let g(w) = w - 4. Let h(t) = t - 5. Let r = -9 + 15. Let f = -2 - 5. Let n(o) = f*g(o) + r*h(o). Calculate n(0).
-2
Suppose -28 = 4*u - 8. Let a(s) be the second derivative of -s**6/360 - s**5/120 + s**4/12 - 3*s. Let n(j) be the third derivative of a(j). Give n(u).
9
Let t(n) = -n**3 - 2*n**2 + 5*n + 2. Let b(q) = q**2 + 3*q - 3. Let m be b(-3). Let a be t(m). Let j(d) = 2 - 7*d + 4*d - 5 - 3. Calculate j(a).
6
Let d be ((-6)/18)/((-1)/3). Let q(x) = 7*x + 0 + 2*x + 1. What is q(d)?
10
Suppose -4*q - 3*x = q - 15, -20 = 2*q - 4*x. Let m(y) be the second derivative of -2*y + 1/3*y**4 + 1/6*y**3 - 3/2*y**2 + 1/20*y**5 + q. What is m(-4)?
-7
Let x(u) = 9*u**3 + 11*u**2 - 2*u + 13. Let a(p) = -5*p**3 - 6*p**2 + p - 7. Let d(i) = -11*a(i) - 6*x(i). Determine d(1).
1
Let s(w) = w + 7. Suppose 0 = 9*r - 12*r + 27. Let o = r - 4. Calculate s(o).
12
Let u(q) be the first derivative of q**4/2 + 2*q**3/3 - q**2/2 - 2*q - 12. Determine u(-2).
-8
Let w(f) = -13*f**3 + 14*f**2 - 10*f. Let b(j) = 7*j**3 - 7*j**2 + 5*j. Let m(d) = -11*b(d) - 6*w(d). What is m(6)?
-6
Suppose 11 = -3*q + 2. Let o(i) = 4 - 3 - 2 - i**2 - 3*i. What is o(q)?
-1
Let q(d) be the third derivative of -d**4/24 + d**3/3 + d**2. Give q(2).
0
Let m(q) = q**3 - 6*q**2 + 5*q + 3. Let j(z) = -2*z**3 - 4*z**2. Let a be j(-3). Let b = -13 + a. What is m(b)?
3
Suppose -2 = 3*t - 8. Let j(i) = 6*i. Determine j(t).
12
Let m(l) = -l**3 - l**2 + l - 1. Let s(a) = -4*a**3 - 13*a**2 + 13*a - 13. Let z(x) = -5*m(x) + s(x). Determine z(7).
-1
Let o(b) = -2*b**3 - b**2. Let p(r) be the second derivative of -r**5/20 - 5*r**4/12 - r**3/6 - 7*r**2/2 + 2*r. Let x be p(-5). Determine o(x).
12
Let f = 2 + 1. Suppose -x - 3*x + f*h = -17, 0 = x + h + 1. Let y(i) = i**3 - 2*i**2 + 2*i - 1. Give y(x).
3
Let y(w) = -w**3 + 4*w**2 + w - 4. Let n(o) = -o**2 + 1. Let x(p) = 6*n(p) + y(p). Suppose 2*z - 5*z = 5*k - 4, 5*z + 2*k = -6. Determine x(z).
0
Let h(x) = x**2. Let n be h(-2). Let z(d) = -22*d - 4. Let g(r) = 7*r + 1. Let f(s) = 10*g(s) + 3*z(s). Give f(n).
14
Let v(u) = -u**3 - 4*u**2 + 2*u. Let p(h) = -h**3 + 9*h**2 - 8*h + 2. Let r be p(8). Suppose 3*f = -r*f - 20. What is v(f)?
-8
Suppose -4*q = -q - 4*m + 20, 3*m - 15 = -4*q. Suppose q = 2*h + 2*h - 12. Let w(b) = -b - b - 8 - 4 + h*b. Determine w(5).
-7
Let r(o) = -o**3 + 2*o + 3. Let y be r(-2). Let t(f) = f - 6. Calculate t(y).
1
Let n = -312 - -309. Let t(j) be the first derivative of j**2 - j - 1. What is t(n)?
-7
Let y(q) be the first derivative of -q**2/2 - 7*q - 5. Determine y(-5).
